{"id":4143,"date":"2026-03-03T08:57:15","date_gmt":"2026-03-03T08:57:15","guid":{"rendered":"https:\/\/bikecompanion.app\/faq\/diario-de-portos-e-subidas\/"},"modified":"2026-03-03T08:57:15","modified_gmt":"2026-03-03T08:57:15","password":"","slug":"diario-de-portos-e-subidas","status":"publish","type":"docs","link":"https:\/\/bikecompanion.app\/pt-pt\/faq\/diario-de-portos-e-subidas\/","title":{"rendered":"Di\u00e1rio de picos e subidas"},"content":{"rendered":"\n<p>Ao final de cada um dos seus passeios, \u00e9 feita uma an\u00e1lise por um algoritmo que detecta as subidas e os picos do percurso que voc\u00ea acabou de completar.<\/p>\n\n\n\n<p>Este algoritmo tamb\u00e9m tenta recuperar o nome se ele estiver presente em nosso banco de dados.<\/p>\n\n\n\n<p>Para que o pico seja detectado, ele deve ter <strong>pelo menos 1 km<\/strong> de comprimento e um gradiente <strong>m\u00ednimo<\/strong> de <strong>3%<\/strong>.<\/p>\n\n\n\n<p>Quando um dos picos detectados \u00e9 listado em nosso banco de dados, ele tamb\u00e9m \u00e9 adicionado ao seu hist\u00f3rico de &#8220;Picos Escalados&#8221;.<\/p>\n\n\n\n<p>(Se o pico detectado n\u00e3o estiver listado em nosso banco de dados, ele s\u00f3 aparecer\u00e1 sem nome em sua atividade e n\u00e3o em seus picos escalados).<\/p>\n\n\n\n<p>Isso fornece uma lista completa dos picos que voc\u00ea escalou, com a data da subida, o n\u00famero de vezes que voc\u00ea os escalou e as diferentes vezes em que os escalou.<\/p>\n\n\n\n<p>Observa\u00e7\u00e3o: tamb\u00e9m pretendemos expandir nosso banco de dados.<\/p>\n","protected":false},"excerpt":{"rendered":"<p>Ao final de cada um dos seus passeios, \u00e9 feita uma an\u00e1lise por um algoritmo que detecta as subidas e os picos do percurso que voc\u00ea acabou de completar. Este algoritmo tamb\u00e9m tenta recuperar o nome se ele estiver presente em nosso banco de dados. Para que o pico seja detectado, ele deve ter pelo [&hellip;]<\/p>\n","protected":false},"author":6,"featured_media":0,"comment_status":"open","ping_status":"closed","template":"","meta":{"footnotes":""},"doc_category":[172],"doc_tag":[],"class_list":["post-4143","docs","type-docs","status-publish","hentry","doc_category-portos-e-subidas"],"year_month":"2026-05","word_count":158,"total_views":0,"reactions":{"happy":0,"normal":0,"sad":0},"author_info":{"name":"Cl\u00e9ment LEFEBVRE","author_nicename":"admin4379","author_url":"https:\/\/bikecompanion.app\/pt-pt\/author\/admin4379\/"},"doc_category_info":[{"term_name":"Portos e subidas","term_url":"https:\/\/bikecompanion.app\/pt-pt\/docs-category\/portos-e-subidas\/"}],"doc_tag_info":[],"_links":{"self":[{"href":"https:\/\/bikecompanion.app\/pt-pt\/wp-json\/wp\/v2\/docs\/4143","targetHints":{"allow":["GET"]}}],"collection":[{"href":"https:\/\/bikecompanion.app\/pt-pt\/wp-json\/wp\/v2\/docs"}],"about":[{"href":"https:\/\/bikecompanion.app\/pt-pt\/wp-json\/wp\/v2\/types\/docs"}],"author":[{"embeddable":true,"href":"https:\/\/bikecompanion.app\/pt-pt\/wp-json\/wp\/v2\/users\/6"}],"replies":[{"embeddable":true,"href":"https:\/\/bikecompanion.app\/pt-pt\/wp-json\/wp\/v2\/comments?post=4143"}],"version-history":[{"count":0,"href":"https:\/\/bikecompanion.app\/pt-pt\/wp-json\/wp\/v2\/docs\/4143\/revisions"}],"wp:attachment":[{"href":"https:\/\/bikecompanion.app\/pt-pt\/wp-json\/wp\/v2\/media?parent=4143"}],"wp:term":[{"taxonomy":"doc_category","embeddable":true,"href":"https:\/\/bikecompanion.app\/pt-pt\/wp-json\/wp\/v2\/doc_category?post=4143"},{"taxonomy":"doc_tag","embeddable":true,"href":"https:\/\/bikecompanion.app\/pt-pt\/wp-json\/wp\/v2\/doc_tag?post=4143"}],"curies":[{"name":"wp","href":"https:\/\/api.w.org\/{rel}","templated":true}]}}

Diário de picos e subidas

<p>Ao final de cada um dos seus passeios, é feita uma análise por um algoritmo que detecta as subidas e os picos do percurso que você acabou de completar.</p>



<p>Este algoritmo também tenta recuperar o nome se ele estiver presente em nosso banco de dados.</p>



<p>Para que o pico seja detectado, ele deve ter <strong>pelo menos 1 km</strong> de comprimento e um gradiente <strong>mínimo</strong> de <strong>3%</strong>.</p>



<p>Quando um dos picos detectados é listado em nosso banco de dados, ele também é adicionado ao seu histórico de &#8220;Picos Escalados&#8221;.</p>



<p>(Se o pico detectado não estiver listado em nosso banco de dados, ele só aparecerá sem nome em sua atividade e não em seus picos escalados).</p>



<p>Isso fornece uma lista completa dos picos que você escalou, com a data da subida, o número de vezes que você os escalou e as diferentes vezes em que os escalou.</p>



<p>Observação: também pretendemos expandir nosso banco de dados.</p>

<p>Ao final de cada um dos seus passeios, é feita uma análise por um algoritmo que detecta as subidas e os picos do percurso que você acabou de completar. Este algoritmo também tenta recuperar o nome se ele estiver presente em nosso banco de dados. Para que o pico seja detectado, ele deve ter pelo [&hellip;]</p>

Clément LEFEBVRE
