{"id":4141,"date":"2026-03-03T08:57:15","date_gmt":"2026-03-03T08:57:15","guid":{"rendered":"https:\/\/bikecompanion.app\/faq\/preferencias-do-utilizador\/"},"modified":"2026-03-03T08:57:15","modified_gmt":"2026-03-03T08:57:15","password":"","slug":"preferencias-do-utilizador","status":"publish","type":"docs","link":"https:\/\/bikecompanion.app\/pt-pt\/faq\/preferencias-do-utilizador\/","title":{"rendered":"Prefer\u00eancias do usu\u00e1rio"},"content":{"rendered":"\n<p>No menu &#8220;Outros&#8221;, em &#8220;Prefer\u00eancias do usu\u00e1rio&#8221;, \u00e9 poss\u00edvel:<\/p>\n\n\n\n<ul class=\"wp-block-list\">\n<li>Selecione o zoom padr\u00e3o do mapa durante uma viagem.<\/li>\n\n\n\n<li>Escolha se deseja ou n\u00e3o exibir instru\u00e7\u00f5es escritas e de voz durante uma viagem com rota.<\/li>\n\n\n\n<li>Exibir automaticamente a p\u00e1gina &#8220;escalada ao vivo&#8221; ou &#8220;segmento ao vivo&#8221; durante a grava\u00e7\u00e3o de uma atividade<\/li>\n\n\n\n<li>Use o bar\u00f4metro de altitude do seu telefone (se o seu smartphone tiver um)<\/li>\n\n\n\n<li>Ative o reencaminhamento autom\u00e1tico em caso de desvio da rota.<\/li>\n\n\n\n<li>Ative a corre\u00e7\u00e3o de eleva\u00e7\u00e3o no final do percurso para melhorar a precis\u00e3o (se a altitude barom\u00e9trica estiver desativada).<\/li>\n\n\n\n<li>Escolha o n\u00famero de indicadores vis\u00edveis a serem exibidos abaixo do mapa (2 ou 4).<\/li>\n<\/ul>\n","protected":false},"excerpt":{"rendered":"<p>No menu &#8220;Outros&#8221;, em &#8220;Prefer\u00eancias do usu\u00e1rio&#8221;, \u00e9 poss\u00edvel:<\/p>\n","protected":false},"author":6,"featured_media":0,"comment_status":"open","ping_status":"closed","template":"","meta":{"footnotes":""},"doc_category":[176],"doc_tag":[],"class_list":["post-4141","docs","type-docs","status-publish","hentry","doc_category-conta-e-preferencias"],"year_month":"2026-04","word_count":122,"total_views":0,"reactions":{"happy":0,"normal":0,"sad":0},"author_info":{"name":"Cl\u00e9ment LEFEBVRE","author_nicename":"admin4379","author_url":"https:\/\/bikecompanion.app\/pt-pt\/author\/admin4379\/"},"doc_category_info":[{"term_name":"Conta e prefer\u00eancias","term_url":"https:\/\/bikecompanion.app\/pt-pt\/docs-category\/conta-e-preferencias\/"}],"doc_tag_info":[],"_links":{"self":[{"href":"https:\/\/bikecompanion.app\/pt-pt\/wp-json\/wp\/v2\/docs\/4141","targetHints":{"allow":["GET"]}}],"collection":[{"href":"https:\/\/bikecompanion.app\/pt-pt\/wp-json\/wp\/v2\/docs"}],"about":[{"href":"https:\/\/bikecompanion.app\/pt-pt\/wp-json\/wp\/v2\/types\/docs"}],"author":[{"embeddable":true,"href":"https:\/\/bikecompanion.app\/pt-pt\/wp-json\/wp\/v2\/users\/6"}],"replies":[{"embeddable":true,"href":"https:\/\/bikecompanion.app\/pt-pt\/wp-json\/wp\/v2\/comments?post=4141"}],"version-history":[{"count":0,"href":"https:\/\/bikecompanion.app\/pt-pt\/wp-json\/wp\/v2\/docs\/4141\/revisions"}],"wp:attachment":[{"href":"https:\/\/bikecompanion.app\/pt-pt\/wp-json\/wp\/v2\/media?parent=4141"}],"wp:term":[{"taxonomy":"doc_category","embeddable":true,"href":"https:\/\/bikecompanion.app\/pt-pt\/wp-json\/wp\/v2\/doc_category?post=4141"},{"taxonomy":"doc_tag","embeddable":true,"href":"https:\/\/bikecompanion.app\/pt-pt\/wp-json\/wp\/v2\/doc_tag?post=4141"}],"curies":[{"name":"wp","href":"https:\/\/api.w.org\/{rel}","templated":true}]}}

Preferências do usuário

<p>No menu &#8220;Outros&#8221;, em &#8220;Preferências do usuário&#8221;, é possível:</p>



<ul class="wp-block-list">
<li>Selecione o zoom padrão do mapa durante uma viagem.</li>



<li>Escolha se deseja ou não exibir instruções escritas e de voz durante uma viagem com rota.</li>



<li>Exibir automaticamente a página &#8220;escalada ao vivo&#8221; ou &#8220;segmento ao vivo&#8221; durante a gravação de uma atividade</li>



<li>Use o barômetro de altitude do seu telefone (se o seu smartphone tiver um)</li>



<li>Ative o reencaminhamento automático em caso de desvio da rota.</li>



<li>Ative a correção de elevação no final do percurso para melhorar a precisão (se a altitude barométrica estiver desativada).</li>



<li>Escolha o número de indicadores visíveis a serem exibidos abaixo do mapa (2 ou 4).</li>
</ul>

<p>No menu &#8220;Outros&#8221;, em &#8220;Preferências do usuário&#8221;, é possível:</p>

Clément LEFEBVRE

Conta e preferências
