{"id":3868,"date":"2026-03-03T08:06:35","date_gmt":"2026-03-03T08:06:35","guid":{"rendered":"https:\/\/bikecompanion.app\/faq\/mapa-y-perfil\/"},"modified":"2026-03-03T08:06:35","modified_gmt":"2026-03-03T08:06:35","password":"","slug":"mapa-y-perfil","status":"publish","type":"docs","link":"https:\/\/bikecompanion.app\/es\/faq\/mapa-y-perfil\/","title":{"rendered":"Mapa y perfil"},"content":{"rendered":"<p>En la parte inferior de la pantalla, tambi\u00e9n puedes ver el perfil de la ruta y lo que has recorrido en esa ruta (corresponde al \u00e1rea gris en el perfil de la ruta).<\/p>\n\n<p>Si est\u00e1s en un viaje en grupo, tambi\u00e9n puedes ver la posici\u00f3n de otros participantes en la p\u00e1gina del mapa.<\/p>\n\n<figure class=\"wp-block-image-resize\"><img decoding=\"async\" src=\"https:\/\/lh7-us.googleusercontent.com\/PE1y2wkZ9uj9U0HKSy2cDT2tfjfwVAY5q4baMPg_hGZ7W4v6f0hdQe7 PFKmZTA_XUiyDPRJfrsWRJ4-seXFvruml6aRTdoyZumsfF50T5Vi-HysSs6qJYUT6IkxP1fvIDCxB4XKi8F1GgZbIllryk7M\" alt=\"\" estilo=\"ancho:315px;alto:auto\"\/><\/figure>","protected":false},"excerpt":{"rendered":"<p>En la parte inferior de la pantalla, tambi\u00e9n puedes ver el perfil de la ruta y lo que has recorrido en esa ruta (corresponde al \u00e1rea gris en el perfil de la ruta). Si est\u00e1s en un viaje en grupo, tambi\u00e9n puedes ver la posici\u00f3n de otros participantes en la p\u00e1gina del mapa.<\/p>\n","protected":false},"author":6,"featured_media":0,"comment_status":"open","ping_status":"closed","template":"","meta":{"footnotes":""},"doc_category":[132],"doc_tag":[],"class_list":["post-3868","docs","type-docs","status-publish","hentry","doc_category-registrar-una-salida"],"year_month":"2026-05","word_count":58,"total_views":0,"reactions":{"happy":0,"normal":0,"sad":0},"author_info":{"name":"Cl\u00e9ment LEFEBVRE","author_nicename":"admin4379","author_url":"https:\/\/bikecompanion.app\/es\/author\/admin4379\/"},"doc_category_info":[{"term_name":"Registrar una salida","term_url":"https:\/\/bikecompanion.app\/es\/docs-category\/registrar-una-salida\/"}],"doc_tag_info":[],"_links":{"self":[{"href":"https:\/\/bikecompanion.app\/es\/wp-json\/wp\/v2\/docs\/3868","targetHints":{"allow":["GET"]}}],"collection":[{"href":"https:\/\/bikecompanion.app\/es\/wp-json\/wp\/v2\/docs"}],"about":[{"href":"https:\/\/bikecompanion.app\/es\/wp-json\/wp\/v2\/types\/docs"}],"author":[{"embeddable":true,"href":"https:\/\/bikecompanion.app\/es\/wp-json\/wp\/v2\/users\/6"}],"replies":[{"embeddable":true,"href":"https:\/\/bikecompanion.app\/es\/wp-json\/wp\/v2\/comments?post=3868"}],"version-history":[{"count":0,"href":"https:\/\/bikecompanion.app\/es\/wp-json\/wp\/v2\/docs\/3868\/revisions"}],"wp:attachment":[{"href":"https:\/\/bikecompanion.app\/es\/wp-json\/wp\/v2\/media?parent=3868"}],"wp:term":[{"taxonomy":"doc_category","embeddable":true,"href":"https:\/\/bikecompanion.app\/es\/wp-json\/wp\/v2\/doc_category?post=3868"},{"taxonomy":"doc_tag","embeddable":true,"href":"https:\/\/bikecompanion.app\/es\/wp-json\/wp\/v2\/doc_tag?post=3868"}],"curies":[{"name":"wp","href":"https:\/\/api.w.org\/{rel}","templated":true}]}}

<p>En la parte inferior de la pantalla, también puedes ver el perfil de la ruta y lo que has recorrido en esa ruta (corresponde al área gris en el perfil de la ruta).</p>

<p>Si estás en un viaje en grupo, también puedes ver la posición de otros participantes en la página del mapa.</p>

<figure class="wp-block-image-resize"><img decoding="async" src="https://lh7-us.googleusercontent.com/PE1y2wkZ9uj9U0HKSy2cDT2tfjfwVAY5q4baMPg_hGZ7W4v6f0hdQe7 PFKmZTA_XUiyDPRJfrsWRJ4-seXFvruml6aRTdoyZumsfF50T5Vi-HysSs6qJYUT6IkxP1fvIDCxB4XKi8F1GgZbIllryk7M" alt="" estilo="ancho:315px;alto:auto"/></figure>

<p>En la parte inferior de la pantalla, también puedes ver el perfil de la ruta y lo que has recorrido en esa ruta (corresponde al área gris en el perfil de la ruta). Si estás en un viaje en grupo, también puedes ver la posición de otros participantes en la página del mapa.</p>

Clément LEFEBVRE
