{"id":3849,"date":"2024-02-23T12:47:19","date_gmt":"2024-02-23T12:47:19","guid":{"rendered":"https:\/\/bikecompanion.app\/faq\/sincronizacion-con-strava\/"},"modified":"2026-03-03T08:06:34","modified_gmt":"2026-03-03T08:06:34","password":"","slug":"sincronizacion-con-strava","status":"publish","type":"docs","link":"https:\/\/bikecompanion.app\/es\/faq\/sincronizacion-con-strava\/","title":{"rendered":"Sincronizaci\u00f3n con Strava"},"content":{"rendered":"\n<p>Es posible sincronizar autom\u00e1ticamente los recorridos registrados en la aplicaci\u00f3n BikeCompanion con Strava.<\/p>\n\n<p>Para hacer esto, debes vincular tu cuenta de BikeCompanion a Strava.<\/p>\n\n<p>Para sincronizar autom\u00e1ticamente tus actividades con Strava, desde el men\u00fa \u00ab<strong>Otro<\/strong>\u00ab, ve al men\u00fa \u00ab<strong>Strava<\/strong>\u00ab.<\/p>\n\n<p>Una vez realizado el enlace, todas las actividades registradas se enviar\u00e1n autom\u00e1ticamente a Strava.<\/p>\n","protected":false},"excerpt":{"rendered":"<p>Es posible sincronizar autom\u00e1ticamente los recorridos registrados en la aplicaci\u00f3n BikeCompanion con Strava. Para hacer esto, debes vincular tu cuenta de BikeCompanion a Strava. Para sincronizar autom\u00e1ticamente tus actividades con Strava, desde el men\u00fa \u00abOtro\u00ab, ve al men\u00fa \u00abStrava\u00ab. Una vez realizado el enlace, todas las actividades registradas se enviar\u00e1n autom\u00e1ticamente a Strava.<\/p>\n","protected":false},"author":6,"featured_media":0,"comment_status":"open","ping_status":"closed","template":"","meta":{"footnotes":""},"doc_category":[122],"doc_tag":[],"class_list":["post-3849","docs","type-docs","status-publish","hentry","doc_category-cuenta-y-preferencias"],"year_month":"2026-04","word_count":58,"total_views":0,"reactions":{"happy":0,"normal":0,"sad":0},"author_info":{"name":"Cl\u00e9ment LEFEBVRE","author_nicename":"admin4379","author_url":"https:\/\/bikecompanion.app\/es\/author\/admin4379\/"},"doc_category_info":[{"term_name":"Cuenta y preferencias","term_url":"https:\/\/bikecompanion.app\/es\/docs-category\/cuenta-y-preferencias\/"}],"doc_tag_info":[],"_links":{"self":[{"href":"https:\/\/bikecompanion.app\/es\/wp-json\/wp\/v2\/docs\/3849","targetHints":{"allow":["GET"]}}],"collection":[{"href":"https:\/\/bikecompanion.app\/es\/wp-json\/wp\/v2\/docs"}],"about":[{"href":"https:\/\/bikecompanion.app\/es\/wp-json\/wp\/v2\/types\/docs"}],"author":[{"embeddable":true,"href":"https:\/\/bikecompanion.app\/es\/wp-json\/wp\/v2\/users\/6"}],"replies":[{"embeddable":true,"href":"https:\/\/bikecompanion.app\/es\/wp-json\/wp\/v2\/comments?post=3849"}],"version-history":[{"count":0,"href":"https:\/\/bikecompanion.app\/es\/wp-json\/wp\/v2\/docs\/3849\/revisions"}],"wp:attachment":[{"href":"https:\/\/bikecompanion.app\/es\/wp-json\/wp\/v2\/media?parent=3849"}],"wp:term":[{"taxonomy":"doc_category","embeddable":true,"href":"https:\/\/bikecompanion.app\/es\/wp-json\/wp\/v2\/doc_category?post=3849"},{"taxonomy":"doc_tag","embeddable":true,"href":"https:\/\/bikecompanion.app\/es\/wp-json\/wp\/v2\/doc_tag?post=3849"}],"curies":[{"name":"wp","href":"https:\/\/api.w.org\/{rel}","templated":true}]}}

Sincronización con Strava

<p>Es posible sincronizar automáticamente los recorridos registrados en la aplicación BikeCompanion con Strava.</p>

<p>Para hacer esto, debes vincular tu cuenta de BikeCompanion a Strava.</p>

<p>Para sincronizar automáticamente tus actividades con Strava, desde el menú «<strong>Otro</strong>«, ve al menú «<strong>Strava</strong>«.</p>

<p>Una vez realizado el enlace, todas las actividades registradas se enviarán automáticamente a Strava.</p>

<p>Es posible sincronizar automáticamente los recorridos registrados en la aplicación BikeCompanion con Strava. Para hacer esto, debes vincular tu cuenta de BikeCompanion a Strava. Para sincronizar automáticamente tus actividades con Strava, desde el menú «Otro«, ve al menú «Strava«. Una vez realizado el enlace, todas las actividades registradas se enviarán automáticamente a Strava.</p>

Clément LEFEBVRE
